r?
2, 3
Let v be (2*1)/(-2 + 4). Let s be (-4)/(v/(-2)*4). Suppose 0 = -2*o + 4*q + 124, -o + 2*o = -s*q + 58. What are the prime factors of o?
2, 3, 5
Suppose 0 = -c - c + 2*x + 522, 3*c - 2*x = 780. What are the prime factors of c?
2, 3, 43
Suppose 5*a - 42 = 3*r, -4*r = 3*a - 8*a + 51. Suppose 5 = -5*o - 0. Let m = o - r. What are the prime factors of m?
2
Let j(n) = -18*n - 29. Let t = -10 + 5. What are the prime factors of j(t)?
61
Let b(i) = i**2 + 17*i + 13. Let v be b(-16). List the prime factors of 7/(21/(-4)) - 100/v.
2
Suppose -72323 = -213*f + 182*f. List the prime factors of f.
2333
Let i(z) = -z**3 - 18*z**2 + 16*z + 22. Let p be i(-19). List the prime factors of p - (5 + (2 - 3)).
3, 5
Suppose 0 = a - 2*a. Let p be 2 - (-38 - (a - 1)). Suppose -p = -w - 2*w. List the prime factors of w.
13
Let i(m) = -550*m**2 - 6*m. Let w be i(-1). Let h = 837 + w. List the prime factors of h.
293
Let y(o) = -5*o**3 - 5*o**2 + 4. Let q be (-12)/10*(-35)/(-14). What are the prime factors of y(q)?
2, 47
Suppose -2*r = 267 + 15. Let o = r + 206. What are the prime factors of o?
5, 13
Let u(n) = -2*n**3 + 10 - 5*n**2 - 3*n**2 + 3*n**3 - n. Let z be u(8). Suppose z*p = 4 + 4. List the prime factors of p.
2
Suppose 5*n + 385 - 2549 = -d, -n + d = -428. List the prime factors of n.
2, 3
Let c = -27 - -37. Suppose -c*r + 449 = -1301. List the prime factors of r.
5, 7
Let b be 11/3 + (-5)/(-15). Suppose -2*y = 0, 115 = 5*c + b*y - 2*y. List the prime factors of c.
23
Let x(y) = -4*y - 4. Let o be x(0). What are the prime factors of (-73)/((3 - -1)/o)?
73
Suppose 3*i - 2*t - 7 = 3*t, -3*i - 7 = 2*t. Let h(q) = -24*q + 3. Let a be h(i). List the prime factors of a/(-36) + (-211)/(-4).
2, 13
Let z(x) = -x + 6. Let w(y) = -y + 11. Let k be w(8). What are the prime factors of z(k)?
3
Suppose 67*q - 63*q = 1004. What are the prime factors of q?
251
Let x(h) = -7*h**3 - h**2. Suppose -2*n + 10 = -2*v, 3*n + 1 = v + 8. Suppose 0 = -s + 4*f + 3, -s - n = s - f. What are the prime factors of x(s)?
2, 3
Let k(b) = -22*b + 5. Let s(u) be the second derivative of -u**4/12 - 4*u**3/3 - 9*u**2/2 + 3*u. Let v be s(-7). List the prime factors of k(v).
7
Let s = 44 + -54. Let q = s - -59. List the prime factors of q.
7
Let p(b) = -80*b + 22. What are the prime factors of p(-2)?
2, 7, 13
Let z(x) = -7. Let w(m) = m - 1. Let u(q) = -6*w(q) + 3*z(q). Let o = -22 - -16. What are the prime factors of u(o)?
3, 7
Let d(p) = -p**2 + 17. Let u be d(0). Let r(y) = 2*y**2 + 3*y + 1. Let z be r(4). Let s = z + u. List the prime factors of s.
2, 31
Let s(y) be the first derivative of -y**4/4 - 14*y**3/3 - 7*y**2 + 9. Let r(g) = -g**2 - g - 1. Let p be r(3). List the prime factors of s(p).
13
Let y be (16/20)/(-2) - 3264/(-10). Suppose -5*j - 503 = -3*l, -j + 2*j = 2*l - y. List the prime factors of l.
7, 23
Suppose -5 = k, x = -2*x - 3*k + 429. Let z = x - 117. What are the prime factors of z?
31
Let c be 30/(-4) - (-15)/(-10)*-1. List the prime factors of c/21 + (-3156)/(-21).
2, 3, 5
Let s be ((-12)/(-14))/(1/14). Suppose 4*q + s = 7*q. Let d = q - 0. List the prime factors of d.
2
Let w(n) = -n**3 - n**2 - n - 1. Let h(o) = -4*o**3 - 15*o**2 - 14*o - 15. Let p(k) = -h(k) + 3*w(k). What are the prime factors of p(-11)?
2, 3
Let z(r) = r**3 + 17*r**2 + 17*r + 4. Let b be z(-16). Suppose 2*i - 9 = 5*i, x + 3*i + 7 = 0. What are the prime factors of 0*x/4 - b?
2, 3
Let f(t) be the third derivative of 6*t**2 + 0 + 0*t - 1/8*t**4 - 2/3*t**3 + 1/30*t**5. What are the prime factors of f(3)?
5
Let h(x) = x**3 - 9*x**2 + 12*x - 5. Let i be (-16)/(-88) - 84/(-22). Suppose 3 = -4*s - 1, 44 = 5*n - i*s. What are the prime factors of h(n)?
3
Let t = 88 + -77. Suppose -12*i = -t*i - 157. What are the prime factors of i?
157
Suppose -1958 = -12*a - 230. Let t = -79 + a. What are the prime factors of t?
5, 13
Suppose 4*q - 15 = y, -2*y + 0*q - 5 = -3*q. Suppose 2*n = -3*n + r + 240, 2*n - 96 = -y*r. List the prime factors of n.
2, 3
Let w = 193 + -133. List the prime factors of (1 - 0)*-2 + w.
2, 29
Suppose 4*q + 721 = n, -2926 = -8*n + 4*n + 2*q. List the prime factors of n.
733
Let s = 427 + -9. Suppose 0 = 2*r - 3*r - 2, 0 = 4*t + r - s. What are the prime factors of t?
3, 5, 7
Let b(i) = -40*i**2 - 20*i - 45. Let c(q) = -10*q**2 - 5*q - 11. Let t(x) = 6*b(x) - 25*c(x). List the prime factors of t(-2).
5, 7
Suppose 0 = -2*x + 12*x - 25920. What are the prime factors of x?
2, 3
Suppose o + 0*o + 26 = k, -2*k = 3*o - 27. Suppose -q = -83 + k. What are the prime factors of q?
2, 31
Let m be (-10 - 0)*6 + 4. Let o = 2 - m. Suppose 66 = 4*s - o. What are the prime factors of s?
31
What are the prime factors of 23 + -10 + -1 - -4532?
2, 71
Let u be 584/(-2) - (-3 - (-2 + 1)). Let m = u + 480. List the prime factors of m.
2, 5, 19
Let m = 1061 - 542. What are the prime factors of m?
3, 173
Let k(u) = -4*u**2 + 21*u. Let r be k(5). Suppose r*z = z + 796. List the prime factors of z.
199
Suppose 0 = o - 3*u - 1217, -2*o + o = -u - 1207. What are the prime factors of o?
2, 601
Let b(d) = -9 + 8*d + 0*d - 1 + 6*d. List the prime factors of b(6).
2, 37
Suppose 5*n - 4*z = 35, 0*z - 4*z - 17 = n. Suppose o + 2*k + n = 74, -3*o = k - 213. Suppose 53 = 4*i - o. What are the prime factors of i?
31
What are the prime factors of (-17688)/(-144) + (-3)/(-18)?
3, 41
Suppose -3*b = 7*y - 3*y - 4, y = 1. Let j = b - -5. What are the prime factors of j?
5
Suppose -4*t - 25 = 3. Let y(p) = -p**3 - 6*p**2 + 3*p + 13. List the prime factors of y(t).
41
Suppose 5*a + b = -105, -2*a - b = 2*a + 85. Let f = a - -18. What are the prime factors of (13 + f)/(7 - 6)?
11
Let x be 420/(-8)*(-12)/10 + -4. Let u = -24 + x. What are the prime factors of u?
5, 7
Suppose 6*k - 3*k - 9 = 0. Suppose -250 = -2*z + 4*t - 6*t, k*z = -4*t + 378. List the prime factors of z.
2, 61
Let w(r) = 2*r - 2. Let o be w(5). Let c = 2 - o. List the prime factors of (c/4)/((-6)/88).
2, 11
What are the prime factors of (8 - 8) + 169 - (-1 + -1)?
3, 19
Let j(a) = 2*a**2 + 9*a - 234. What are the prime factors of j(-26)?
2, 13, 17
Suppose -v - 4055 = -4*k, -2*k - 2*k = -4*v - 4064. What are the prime factors of k?
1013
Let p be (-4)/(-10) - (-52)/(-5). Suppose -11 - 85 = -8*d. Let x = p + d. What are the prime factors of x?
2
Suppose -2*a + 3*a - 5*n = 292, -4*n + 292 = a. What are the prime factors of a?
2, 73
Suppose -3*j + 4*j = 5*o - 169, -2*o = -5*j - 63. Suppose -5*w - 104 = 6. Let k = w + o. What are the prime factors of k?
2, 3
Let u(h) = h + 24. Let c be u(-24). Suppose c = -2*p + 2*w + 484, 3 = w - 0. List the prime factors of p.
5, 7
Let v be 48/(-6)*2/(-4). Let f be (2/v)/(11/(-3630)). List the prime factors of ((-8)/(-10))/((-22)/f).
2, 3
Let q(r) = 2*r**2 - 35. Let n be q(0). List the prime factors of ((-52)/(-10))/((-7)/n).
2, 13
Suppose 0 = -2*w - 0*w. Suppose -2*k + 112 + 44 = w. Suppose -3*r = -6*r + k. List the prime factors of r.
2, 13
Let f be (-2)/(-7) + (1116/(-7))/(-2). Suppose 2*o - f - 44 = 0. What are the prime factors of o?
2, 31
Let v(q) be the first derivative of q**4/24 + 2*q**3/3 + 11*q**2/2 - 12. Let p(y) be the second derivative of v(y). List the prime factors of p(-2).
2
Suppose 0 = -5*y - 32*y + 103637. What are the prime factors of y?
2801
Let j = -13 + 6. Let a(l) = 71 - 22 - 31 - l**3 - 10*l - 23 - 8*l**2. What are the prime factors of a(j)?
2
Suppose -3*h = -h + 5*h. Suppose 7 = 3*k - 2*k. Suppose m - 41 - k = h. What are the prime factors of m?
2, 3
List the prime factors of -18 + 47908/16 - 2/8.
2, 3, 31
Suppose 50 = 2*h + 2*w, 5*h - 119 = -0*h - 2*w. List the prime factors of (2 - 2)*-1 + h.
23
Suppose -u + 744 = -9*u. List the prime factors of (-176 - (-2)/(-2))/(u/62).
2, 59
List the prime factors of (-7862)/14*(18 + -25).
3931
Let m = 24 + 31. Suppose 5*h - m = -0*h. Let d = h - 1. List the prime factors of d.
2, 5
Let t(d) = d**3 - 9*d**2 + 8*d + 8. Suppose -6*m + 8 = -2*m. Suppose 0 = 5*l + 3*a + a - 52, 2*l + m*a = 22. List the prime factors of t(l).
2
Let a(v) = 9*v + 3. Let s be a(4). Let j = 16 - s. Let y = j + 35. List the prime factors of y.
2, 3
Let c(r) = 2*r**3 + 42*r**2 - 73*r - 9. What are the prime factors of c(-22)?
17, 37
Let w(i) = 5*i - 22. Let f be w(5). Suppose -5*p + 72 = -0*p - 4*u,